{"id":60,"date":"2023-08-22T13:58:17","date_gmt":"2023-08-22T11:58:17","guid":{"rendered":"https:\/\/aticoadf.es\/?page_id=60"},"modified":"2025-10-09T12:45:01","modified_gmt":"2025-10-09T10:45:01","slug":"aviso-legal","status":"publish","type":"page","link":"https:\/\/aticoadf.es\/index.php\/aviso-legal\/","title":{"rendered":"Aviso Legal"},"content":{"rendered":"\n<p>Este Aviso Legal tiene el objetivo de informarte de tus derechos y obligaciones como usuario de este sitio web. Aqu\u00ed encontrar\u00e1s toda la informaci\u00f3n que necesitas sobre este sitio web, su actividad, los datos personales que recaba y su finalidad, as\u00ed como las normas de uso que regulan el uso de esta web.<\/p>\n\n\n\n<p>En el momento en que accedas a este sitio web https:\/\/administraciondefincasatico.es\/, asumes la condici\u00f3n de usuario, por lo que el contenido de este Aviso Legal te afecta directamente. Por eso, es importante que lo leas para disipar cualquier duda que puedas tener y tener conocimiento de causa sobre las condiciones que est\u00e1s aceptando.<\/p>\n\n\n\n<h5 class=\"wp-block-heading\">NORMATIVA:<\/h5>\n\n\n\n<p>Para empezar, debes saber que este sitio web cumple con las normativas vigentes en materia de protecci\u00f3n de datos, con el objetivo de aportarte las garant\u00edas, la seguridad y la transparencia que, como usuario, te corresponden, a la hora de utilizar esta web.<\/p>\n\n\n\n<ul class=\"wp-block-list\">\n<li>El <strong>RGPD <\/strong>(Reglamento (UE) 2016\/679 del Parlamento Europeo y del Consejo de 27 de abril de 2016 relativo a la protecci\u00f3n de las personas f\u00edsicas) que es la nueva normativa de la Uni\u00f3n Europea que unifica la regulaci\u00f3n del tratamiento de los datos personales en los distintos pa\u00edses de la UE.<\/li>\n\n\n\n<li>La <strong>LOPD <\/strong>(Ley Org\u00e1nica 15\/1999, de 13 de diciembre, de Protecci\u00f3n de Datos de Car\u00e1cter Personal y Real Decreto 1720\/2007, de 21 de diciembre, el Reglamento de desarrollo de la LOPD) que regula el tratamiento de los datos personales y las obligaciones que debemos asumir los responsables de una web o un blog a la hora de gestionar esta informaci\u00f3n.<\/li>\n\n\n\n<li>La <strong>LSSI <\/strong>(Ley 34\/2002, de 11 de julio, de Servicios de la Sociedad de la Informaci\u00f3n y Comercio Electr\u00f3nico) que regula las transacciones econ\u00f3micas mediante medios electr\u00f3nicos, como es el caso de este blog.<\/li>\n<\/ul>\n\n\n\n<h5 class=\"wp-block-heading\"><strong>Datos de identificaci\u00f3n:<\/strong><\/h5>\n\n\n\n<ul class=\"wp-block-list\">\n<li><strong>Nombre<\/strong>: Jos\u00e9 Francisco Trapero Gil<\/li>\n\n\n\n<li><strong>NIF<\/strong>: 18998320K<\/li>\n\n\n\n<li><strong>Correo electr\u00f3nico:<\/strong> jftraperogil@gmail.com<\/li>\n\n\n\n<li><strong>Domicilio<\/strong>: C\/ Paseo de la Mota 20. 30140 Santomera. Murcia<\/li>\n\n\n\n<li><strong>Actividad del sitio:<\/strong> distribuci\u00f3n de contenido relacionado con (https:\/\/administraciondefincasatico.es\/), muestra de publicidad, y recomendaci\u00f3n de productos de afiliado.<\/li>\n<\/ul>\n\n\n\n<h5 class=\"wp-block-heading\"><strong>NORMAS DE ACCESO AL SITIO WEB<\/strong><\/h5>\n\n\n\n<p>Como usuario de nuestra web, tambi\u00e9n tienes una serie de obligaciones:<\/p>\n\n\n\n<p>No podr\u00e1s utilizar este sitio web para la realizaci\u00f3n de actividades contrarias a las leyes, a la moral, al orden p\u00fablico y, en general, a hacer un uso conforme a las condiciones establecidas en el presente Aviso Legal.<\/p>\n\n\n\n<p>No podr\u00e1s realizar actividades publicitarias o de explotaci\u00f3n comercial remitiendo mensajes que utilicen una identidad falsa.<\/p>\n\n\n\n<p>T\u00fa ser\u00e1s el \u00fanico responsable de la veracidad y exactitud de los contenidos que introduzcas en esta web y de los datos personales que nos facilites con las finalidades previstas en nuestra Pol\u00edtica de Privacidad.<\/p>\n\n\n\n<p>Tambi\u00e9n ser\u00e1s el \u00fanico responsable de la realizaci\u00f3n de cualquier tipo de actuaci\u00f3n il\u00edcita, lesiva de derechos, nociva y\/o perjudicial en los sitios de terceros a los que te podamos derivar desde este sitio web para el desarrollo de nuestra actividad.<\/p>\n\n\n\n<p>Como responsable del sitio web, Jos\u00e9 Francisco Trapero Gil podr\u00e1 interrumpir el servicio de la p\u00e1gina que est\u00e9 siendo utilizado por el usuario y resolver de modo inmediato la relaci\u00f3n si detecta un uso de la web o de cualquiera de los servicios que en el mismo se ofertan que pueda considerarse contrario a lo expresado en el presente Aviso Legal.<\/p>\n\n\n\n<h5 class=\"wp-block-heading\"><strong>LIMITACI\u00d3N DE RESPONSABILIDAD<\/strong><\/h5>\n\n\n\n<p>Con los l\u00edmites establecidos en la ley, Jos\u00e9 Francisco Trapero Gil no asume ninguna responsabilidad derivada de la falta de veracidad, integridad, actualizaci\u00f3n y precisi\u00f3n de los datos o informaciones que contienen sus p\u00e1ginas web.<\/p>\n\n\n\n<p>Los contenidos e informaci\u00f3n no vinculan a Jos\u00e9 Francisco Trapero Gil ni constituyen opiniones, consejos o asesoramiento legal de ning\u00fan tipo pues se trata meramente de un servicio ofrecido con car\u00e1cter informativo y divulgativo.<\/p>\n\n\n\n<p>Las p\u00e1ginas de Internet de Jos\u00e9 Francisco Trapero Gil pueden contener enlaces (links) a otras p\u00e1ginas de terceras partes que Jos\u00e9 Francisco Trapero Gil no puede controlar. Por lo tanto, Jos\u00e9 Francisco Trapero Gil no puede asumir responsabilidades por el contenido que pueda aparecer en p\u00e1ginas de terceros.<\/p>\n\n\n\n<h5 class=\"wp-block-heading\"><strong>PROPIEDAD INTELECTUAL E INDUSTRIAL<\/strong><\/h5>\n\n\n\n<p>Los textos, im\u00e1genes, sonidos, animaciones, software y el resto de contenidos incluidos en este website (https:\/\/administraciondefincasatico.es\/) son propiedad exclusiva de Jos\u00e9 Francisco Trapero Gil o sus licenciantes. Cualquier acto de transmisi\u00f3n, distribuci\u00f3n, cesi\u00f3n, reproducci\u00f3n, almacenamiento o comunicaci\u00f3n p\u00fablica total o parcial, deber\u00e1 contar con el consentimiento expreso de Jos\u00e9 Francisco Trapero Gil.<\/p>\n\n\n\n<p>Asimismo, para acceder a algunos de los servicios que Jos\u00e9 Francisco Trapero Gil ofrece a trav\u00e9s del sitio web, deber\u00e1 proporcionar algunos datos de car\u00e1cter personal. En cumplimiento de lo establecido en el Reglamento (UE) 2016\/679 del Parlamento Europeo y del Consejo, de 27 de abril de 2016, relativo a la protecci\u00f3n de las personas f\u00edsicas en lo que respecta al tratamiento de datos personales y a la libre circulaci\u00f3n de estos datos le informamos que, mediante la cumplimentaci\u00f3n de los presentes formularios, sus datos personales quedar\u00e1n incorporados y ser\u00e1n tratados en los ficheros de Jos\u00e9 Francisco Trapero Gil con el fin de poderle prestar y ofrecer nuestros servicios as\u00ed como para informarle de las mejoras del sitio Web.<\/p>\n\n\n\n<h5 class=\"wp-block-heading\"><strong>ENLACES DE AFILIACI\u00d3N DE AMAZON<\/strong><\/h5>\n\n\n\n<p>Este sitio web, de acuerdo a su finalidad, utiliza enlaces de afiliado de Amazon.<\/p>\n\n\n\n<p>Esto quiere decir que encontrar\u00e1s enlaces de productos de Amazon a los que podr\u00e1s acceder directamente desde nuestro sitio web, pero que, en su caso, la compra la realizar\u00e1s en Amazon, bajo sus propias condiciones en ese momento.<\/p>\n\n\n\n<h5 class=\"wp-block-heading\"><strong>POLITICA DE PRIVACIDAD Y PROTECCI\u00d3N DE DATOS<\/strong><\/h5>\n\n\n\n<p>Este sitio web cumple con la normativa vigente en materia de protecci\u00f3n de datos, lo que implica que, como usuario, deber\u00e1s dar tu consentimiento expreso antes de facilitarnos datos personales a trav\u00e9s de los diferentes formularios puestos a disposici\u00f3n en las secciones de nuestra p\u00e1gina.<\/p>\n\n\n\n<p>Para ello, en aras de la transparencia y el ejercicio de tu derecho, nuestro deber es informarte sobre los datos personales que recabamos, almacenamos y tratamos y con qu\u00e9 finalidades, teniendo en cualquier momento la posibilidad de revocar libremente tu consentimiento.<\/p>\n\n\n\n<p>Toda esta informaci\u00f3n la podr\u00e1s encontrar en nuestra <a href=\"https:\/\/disfracesparaelcolegio.es\/?page_id=3\">Pol\u00edtica de Privacidad.<\/a><\/p>\n\n\n\n<h5 class=\"wp-block-heading\"><strong>POL\u00cdTICA DE COOKIES<\/strong><\/h5>\n\n\n\n<p>Tal y como te informamos nada m\u00e1s acceder a nuestra web, este sitio utiliza cookies propias y de terceros con el objetivo de proporcionarte la mejor experiencia de usuario y desarrollar nuestra actividad.<\/p>\n\n\n\n<p>En cualquier momento, tendr\u00e1s la opci\u00f3n de configurar tu navegador para desestimar el uso de estas cookies que, en alg\u00fan caso, afectar\u00e1n a tu experiencia de usuario.<\/p>\n\n\n\n<p>Para acceder a la informaci\u00f3n completa sobre el uso de cookies en este sitio web, su finalidad y su desestimaci\u00f3n, puedes consultar nuestra&nbsp;<a href=\"https:\/\/disfracesparaelcolegio.es\/?page_id=158\">Pol\u00edtica de Cookies<\/a>.<\/p>\n\n\n\n<h5 class=\"wp-block-heading\"><strong>LEGISLACI\u00d3N APLICABLE Y JURISDICCI\u00d3N COMPETENTE<\/strong><\/h5>\n\n\n\n<p>El presente Aviso Legal se encuentra sometido a la legislaci\u00f3n espa\u00f1ola vigente.<\/p>\n\n\n\n<p>En caso necesario, ante cualquier tipo de controversia de car\u00e1cter legal,&nbsp;Jos\u00e9 Francisco Trapero Gil y el usuario, con renuncia expresa a cualquier otro fuero, se someter\u00e1n a los Juzgados y Tribunales del domicilio del Usuario para cualquier controversia que pudiera derivarse.<\/p>\n\n\n\n<p>En el caso de que el usuario tenga su domicilio fuera de Espa\u00f1a, Jos\u00e9 Francisco Trapero Gil y el usuario se someter\u00e1n, con renuncia expresa a cualquier otro fuero, a los juzgados y tribunales.<\/p>\n","protected":false},"excerpt":{"rendered":"<p>Este Aviso Legal tiene el objetivo de informarte de tus derechos y obligaciones como usuario de este sitio web. Aqu\u00ed encontrar\u00e1s toda la informaci\u00f3n que necesitas sobre este sitio web, su actividad, los datos personales que recaba y su finalidad, as\u00ed como las normas de uso que regulan el uso de esta web. En el [&hellip;]<\/p>\n","protected":false},"author":1,"featured_media":831,"parent":0,"menu_order":0,"comment_status":"closed","ping_status":"closed","template":"","meta":{"_uag_custom_page_level_css":"","footnotes":""},"class_list":["post-60","page","type-page","status-publish","has-post-thumbnail","hentry"],"yoast_head":"<!-- This site is optimized with the Yoast SEO plugin v27.3 - https:\/\/yoast.com\/product\/yoast-seo-wordpress\/ -->\n<title>Aviso Legal<\/title>\n<meta name=\"description\" content=\"El Aviso Legal es necesario cuando se recaben datos personales de usuarios o con el objetivo de mostrar publicidad, realizar un seguimiento.\" \/>\n<meta name=\"robots\" content=\"index, follow, max-snippet:-1, max-image-preview:large, max-video-preview:-1\" \/>\n<link rel=\"canonical\" href=\"https:\/\/aticoadf.es\/index.php\/aviso-legal\/\" \/>\n<meta property=\"og:locale\" content=\"es_ES\" \/>\n<meta property=\"og:type\" content=\"article\" \/>\n<meta property=\"og:title\" content=\"Aviso Legal\" \/>\n<meta property=\"og:description\" content=\"El Aviso Legal es necesario cuando se recaben datos personales de usuarios o con el objetivo de mostrar publicidad, realizar un seguimiento.\" \/>\n<meta property=\"og:url\" content=\"https:\/\/aticoadf.es\/index.php\/aviso-legal\/\" \/>\n<meta property=\"og:site_name\" content=\"\u00c1tico administraci\u00f3n de fincas\" \/>\n<meta property=\"article:publisher\" content=\"https:\/\/www.facebook.com\/aticoadf\" \/>\n<meta property=\"article:modified_time\" content=\"2025-10-09T10:45:01+00:00\" \/>\n<meta name=\"twitter:card\" content=\"summary_large_image\" \/>\n<meta name=\"twitter:site\" content=\"@aticoadf1\" \/>\n<meta name=\"twitter:label1\" content=\"Tiempo de lectura\" \/>\n\t<meta name=\"twitter:data1\" content=\"6 minutos\" \/>\n<script type=\"application\/ld+json\" class=\"yoast-schema-graph\">{\"@context\":\"https:\\\/\\\/schema.org\",\"@graph\":[{\"@type\":\"WebPage\",\"@id\":\"https:\\\/\\\/aticoadf.es\\\/index.php\\\/aviso-legal\\\/\",\"url\":\"https:\\\/\\\/aticoadf.es\\\/index.php\\\/aviso-legal\\\/\",\"name\":\"Aviso Legal\",\"isPartOf\":{\"@id\":\"https:\\\/\\\/aticoadf.es\\\/#website\"},\"primaryImageOfPage\":{\"@id\":\"https:\\\/\\\/aticoadf.es\\\/index.php\\\/aviso-legal\\\/#primaryimage\"},\"image\":{\"@id\":\"https:\\\/\\\/aticoadf.es\\\/index.php\\\/aviso-legal\\\/#primaryimage\"},\"thumbnailUrl\":\"https:\\\/\\\/aticoadf.es\\\/wp-content\\\/uploads\\\/2024\\\/11\\\/imagen_logo_negativo.jpg\",\"datePublished\":\"2023-08-22T11:58:17+00:00\",\"dateModified\":\"2025-10-09T10:45:01+00:00\",\"description\":\"El Aviso Legal es necesario cuando se recaben datos personales de usuarios o con el objetivo de mostrar publicidad, realizar un seguimiento.\",\"breadcrumb\":{\"@id\":\"https:\\\/\\\/aticoadf.es\\\/index.php\\\/aviso-legal\\\/#breadcrumb\"},\"inLanguage\":\"es\",\"potentialAction\":[{\"@type\":\"ReadAction\",\"target\":[\"https:\\\/\\\/aticoadf.es\\\/index.php\\\/aviso-legal\\\/\"]}]},{\"@type\":\"ImageObject\",\"inLanguage\":\"es\",\"@id\":\"https:\\\/\\\/aticoadf.es\\\/index.php\\\/aviso-legal\\\/#primaryimage\",\"url\":\"https:\\\/\\\/aticoadf.es\\\/wp-content\\\/uploads\\\/2024\\\/11\\\/imagen_logo_negativo.jpg\",\"contentUrl\":\"https:\\\/\\\/aticoadf.es\\\/wp-content\\\/uploads\\\/2024\\\/11\\\/imagen_logo_negativo.jpg\",\"width\":2352,\"height\":1167,\"caption\":\"Administrador de fincas colegiado\"},{\"@type\":\"BreadcrumbList\",\"@id\":\"https:\\\/\\\/aticoadf.es\\\/index.php\\\/aviso-legal\\\/#breadcrumb\",\"itemListElement\":[{\"@type\":\"ListItem\",\"position\":1,\"name\":\"Portada\",\"item\":\"https:\\\/\\\/aticoadf.es\\\/\"},{\"@type\":\"ListItem\",\"position\":2,\"name\":\"Aviso Legal\"}]},{\"@type\":\"WebSite\",\"@id\":\"https:\\\/\\\/aticoadf.es\\\/#website\",\"url\":\"https:\\\/\\\/aticoadf.es\\\/\",\"name\":\"aticoadf.es\",\"description\":\"aticoadf\",\"publisher\":{\"@id\":\"https:\\\/\\\/aticoadf.es\\\/#organization\"},\"alternateName\":\"aticoadf\",\"potentialAction\":[{\"@type\":\"SearchAction\",\"target\":{\"@type\":\"EntryPoint\",\"urlTemplate\":\"https:\\\/\\\/aticoadf.es\\\/?s={search_term_string}\"},\"query-input\":{\"@type\":\"PropertyValueSpecification\",\"valueRequired\":true,\"valueName\":\"search_term_string\"}}],\"inLanguage\":\"es\"},{\"@type\":\"Organization\",\"@id\":\"https:\\\/\\\/aticoadf.es\\\/#organization\",\"name\":\"\u00c1tico administraci\u00f3n de fincas\",\"alternateName\":\"aticoadf\",\"url\":\"https:\\\/\\\/aticoadf.es\\\/\",\"logo\":{\"@type\":\"ImageObject\",\"inLanguage\":\"es\",\"@id\":\"https:\\\/\\\/aticoadf.es\\\/#\\\/schema\\\/logo\\\/image\\\/\",\"url\":\"https:\\\/\\\/aticoadf.es\\\/wp-content\\\/uploads\\\/2024\\\/10\\\/LOGO-ATICO-SIN-FONDO.png\",\"contentUrl\":\"https:\\\/\\\/aticoadf.es\\\/wp-content\\\/uploads\\\/2024\\\/10\\\/LOGO-ATICO-SIN-FONDO.png\",\"width\":224,\"height\":115,\"caption\":\"\u00c1tico administraci\u00f3n de fincas\"},\"image\":{\"@id\":\"https:\\\/\\\/aticoadf.es\\\/#\\\/schema\\\/logo\\\/image\\\/\"},\"sameAs\":[\"https:\\\/\\\/www.facebook.com\\\/aticoadf\",\"https:\\\/\\\/x.com\\\/aticoadf1\",\"https:\\\/\\\/www.linkedin.com\\\/company\\\/43295320\"]}]}<\/script>\n<!-- \/ Yoast SEO plugin. -->","yoast_head_json":{"title":"Aviso Legal","description":"El Aviso Legal es necesario cuando se recaben datos personales de usuarios o con el objetivo de mostrar publicidad, realizar un seguimiento.","robots":{"index":"index","follow":"follow","max-snippet":"max-snippet:-1","max-image-preview":"max-image-preview:large","max-video-preview":"max-video-preview:-1"},"canonical":"https:\/\/aticoadf.es\/index.php\/aviso-legal\/","og_locale":"es_ES","og_type":"article","og_title":"Aviso Legal","og_description":"El Aviso Legal es necesario cuando se recaben datos personales de usuarios o con el objetivo de mostrar publicidad, realizar un seguimiento.","og_url":"https:\/\/aticoadf.es\/index.php\/aviso-legal\/","og_site_name":"\u00c1tico administraci\u00f3n de fincas","article_publisher":"https:\/\/www.facebook.com\/aticoadf","article_modified_time":"2025-10-09T10:45:01+00:00","twitter_card":"summary_large_image","twitter_site":"@aticoadf1","twitter_misc":{"Tiempo de lectura":"6 minutos"},"schema":{"@context":"https:\/\/schema.org","@graph":[{"@type":"WebPage","@id":"https:\/\/aticoadf.es\/index.php\/aviso-legal\/","url":"https:\/\/aticoadf.es\/index.php\/aviso-legal\/","name":"Aviso Legal","isPartOf":{"@id":"https:\/\/aticoadf.es\/#website"},"primaryImageOfPage":{"@id":"https:\/\/aticoadf.es\/index.php\/aviso-legal\/#primaryimage"},"image":{"@id":"https:\/\/aticoadf.es\/index.php\/aviso-legal\/#primaryimage"},"thumbnailUrl":"https:\/\/aticoadf.es\/wp-content\/uploads\/2024\/11\/imagen_logo_negativo.jpg","datePublished":"2023-08-22T11:58:17+00:00","dateModified":"2025-10-09T10:45:01+00:00","description":"El Aviso Legal es necesario cuando se recaben datos personales de usuarios o con el objetivo de mostrar publicidad, realizar un seguimiento.","breadcrumb":{"@id":"https:\/\/aticoadf.es\/index.php\/aviso-legal\/#breadcrumb"},"inLanguage":"es","potentialAction":[{"@type":"ReadAction","target":["https:\/\/aticoadf.es\/index.php\/aviso-legal\/"]}]},{"@type":"ImageObject","inLanguage":"es","@id":"https:\/\/aticoadf.es\/index.php\/aviso-legal\/#primaryimage","url":"https:\/\/aticoadf.es\/wp-content\/uploads\/2024\/11\/imagen_logo_negativo.jpg","contentUrl":"https:\/\/aticoadf.es\/wp-content\/uploads\/2024\/11\/imagen_logo_negativo.jpg","width":2352,"height":1167,"caption":"Administrador de fincas colegiado"},{"@type":"BreadcrumbList","@id":"https:\/\/aticoadf.es\/index.php\/aviso-legal\/#breadcrumb","itemListElement":[{"@type":"ListItem","position":1,"name":"Portada","item":"https:\/\/aticoadf.es\/"},{"@type":"ListItem","position":2,"name":"Aviso Legal"}]},{"@type":"WebSite","@id":"https:\/\/aticoadf.es\/#website","url":"https:\/\/aticoadf.es\/","name":"aticoadf.es","description":"aticoadf","publisher":{"@id":"https:\/\/aticoadf.es\/#organization"},"alternateName":"aticoadf","potentialAction":[{"@type":"SearchAction","target":{"@type":"EntryPoint","urlTemplate":"https:\/\/aticoadf.es\/?s={search_term_string}"},"query-input":{"@type":"PropertyValueSpecification","valueRequired":true,"valueName":"search_term_string"}}],"inLanguage":"es"},{"@type":"Organization","@id":"https:\/\/aticoadf.es\/#organization","name":"\u00c1tico administraci\u00f3n de fincas","alternateName":"aticoadf","url":"https:\/\/aticoadf.es\/","logo":{"@type":"ImageObject","inLanguage":"es","@id":"https:\/\/aticoadf.es\/#\/schema\/logo\/image\/","url":"https:\/\/aticoadf.es\/wp-content\/uploads\/2024\/10\/LOGO-ATICO-SIN-FONDO.png","contentUrl":"https:\/\/aticoadf.es\/wp-content\/uploads\/2024\/10\/LOGO-ATICO-SIN-FONDO.png","width":224,"height":115,"caption":"\u00c1tico administraci\u00f3n de fincas"},"image":{"@id":"https:\/\/aticoadf.es\/#\/schema\/logo\/image\/"},"sameAs":["https:\/\/www.facebook.com\/aticoadf","https:\/\/x.com\/aticoadf1","https:\/\/www.linkedin.com\/company\/43295320"]}]}},"uagb_featured_image_src":{"full":["https:\/\/aticoadf.es\/wp-content\/uploads\/2024\/11\/imagen_logo_negativo.jpg",2352,1167,false],"thumbnail":["https:\/\/aticoadf.es\/wp-content\/uploads\/2024\/11\/imagen_logo_negativo-150x150.jpg",150,150,true],"medium":["https:\/\/aticoadf.es\/wp-content\/uploads\/2024\/11\/imagen_logo_negativo-300x149.jpg",300,149,true],"medium_large":["https:\/\/aticoadf.es\/wp-content\/uploads\/2024\/11\/imagen_logo_negativo-768x381.jpg",768,381,true],"large":["https:\/\/aticoadf.es\/wp-content\/uploads\/2024\/11\/imagen_logo_negativo-1024x508.jpg",1024,508,true],"1536x1536":["https:\/\/aticoadf.es\/wp-content\/uploads\/2024\/11\/imagen_logo_negativo-1536x762.jpg",1536,762,true],"2048x2048":["https:\/\/aticoadf.es\/wp-content\/uploads\/2024\/11\/imagen_logo_negativo-2048x1016.jpg",2048,1016,true]},"uagb_author_info":{"display_name":"aticoadf","author_link":"https:\/\/aticoadf.es\/index.php\/author\/aticoadf\/"},"uagb_comment_info":0,"uagb_excerpt":"Este Aviso Legal tiene el objetivo de informarte de tus derechos y obligaciones como usuario de este sitio web. Aqu\u00ed encontrar\u00e1s toda la informaci\u00f3n que necesitas sobre este sitio web, su actividad, los datos personales que recaba y su finalidad, as\u00ed como las normas de uso que regulan el uso de esta web. En el&hellip;","_links":{"self":[{"href":"https:\/\/aticoadf.es\/index.php\/wp-json\/wp\/v2\/pages\/60","targetHints":{"allow":["GET"]}}],"collection":[{"href":"https:\/\/aticoadf.es\/index.php\/wp-json\/wp\/v2\/pages"}],"about":[{"href":"https:\/\/aticoadf.es\/index.php\/wp-json\/wp\/v2\/types\/page"}],"author":[{"embeddable":true,"href":"https:\/\/aticoadf.es\/index.php\/wp-json\/wp\/v2\/users\/1"}],"replies":[{"embeddable":true,"href":"https:\/\/aticoadf.es\/index.php\/wp-json\/wp\/v2\/comments?post=60"}],"version-history":[{"count":1,"href":"https:\/\/aticoadf.es\/index.php\/wp-json\/wp\/v2\/pages\/60\/revisions"}],"predecessor-version":[{"id":2497,"href":"https:\/\/aticoadf.es\/index.php\/wp-json\/wp\/v2\/pages\/60\/revisions\/2497"}],"wp:featuredmedia":[{"embeddable":true,"href":"https:\/\/aticoadf.es\/index.php\/wp-json\/wp\/v2\/media\/831"}],"wp:attachment":[{"href":"https:\/\/aticoadf.es\/index.php\/wp-json\/wp\/v2\/media?parent=60"}],"curies":[{"name":"wp","href":"https:\/\/api.w.org\/{rel}","templated":true}]}}